s + 9 = -3*c. Let b(y) = -y**3 + y**2 + 2*y - 1. Let n be b(c). Calculate the greatest common divisor of 5 and n.
1
Let h be ((-4)/(-6))/((-14)/(-819)). What is the highest common divisor of 26 and h?
13
Suppose -3*m + 47 - 5 = 3*d, 5*d - 58 = -2*m. Suppose -k + 240 = 5*g - 65, 0 = 3*g - 5*k - 155. What is the highest common factor of g and d?
10
Suppose -6*a + 2*a + 36 = 0. Calculate the highest common divisor of a and 63.
9
Suppose 5*m + 9 = 3*h, m + h + 1 = 2*h. Let y be m/(3/18*-1). Calculate the highest common factor of 2 and y.
2
Let w = 142 - 106. Let p be -4 + (-2)/(-1) + 20. Calculate the greatest common factor of p and w.
18
Let b be (4/8)/((-3)/18). Let q be (-3)/(-9) + (-41)/b. Suppose 0 = c - 4*c + 4*v + q, 4*c - 32 = 2*v. What is the greatest common factor of 40 and c?
10
Suppose -4*k + 8 = -0*k. Let w be 10*2/8*k. What is the highest common factor of 35 and w?
5
Let i(g) be the first derivative of g**4/4 - 4*g**3/3 + 3*g**2/2 - g - 5. Let k be i(4). What is the highest common divisor of k and 44?
11
Let m(u) be the second derivative of u**4/6 - 7*u**3/6 - u**2 - 2*u. Let b be m(8). Let a = 28 + -14. What is the highest common factor of a and b?
14
Let v(t) = -2*t**2 - t - 1. Let k be v(-1). Let s(d) = -2*d**3 - d**2 + 2*d + 3. Let r be s(k). What is the highest common divisor of r and 44?
11
Let n(h) = 6*h**2 + 3*h - 3. Let w be n(-3). Let g(p) = 4*p**2 - 5*p**2 - 21*p**3 - 7*p**3 + 1. Let f be g(-1). What is the highest common factor of w and f?
14
Suppose -2*a + z + 767 - 123 = 0, -z = -a + 320. What is the greatest common factor of a and 36?
36
Suppose 82 = 3*n + 13. Let c(f) = f**2 - 12*f - 39. Let u be c(-5). Calculate the highest common divisor of n and u.
23
Suppose 4*m = 78 + 6. Let l = 5 - 2. What is the highest common divisor of l and m?
3
Let h(c) = -c**3 - 4*c**2 + 5*c + 3. Let r be h(-5). Suppose y - r*y = -8. Let o = 15 - 5. What is the highest common divisor of o and y?
2
Suppose 0 = 5*g + 3*w - 46, 5*g + w - 34 = 4*w. Let t(x) = -x**2 - 24*x + 41. Let j be t(-23). What is the greatest common factor of j and g?
8
Let s be -1 - 2/(4/(-14)). Let v = -1 + 43. Calculate the greatest common factor of s and v.
6
Let s be (-16)/3*(-18)/8. Suppose 308 = -3*x + 5*m - 107, x + 133 = -m. Let b = x - -195. Calculate the greatest common divisor of s and b.
12
Let i(g) = 4*g**2 + 5*g + 2. Let w be i(-3). Let s = 50 - w. Suppose 13 + s = 5*x. Calculate the greatest common divisor of x and 2.
2
Let o = 23 - 1. Let t = 8 - 5. Suppose 0*b + f - 115 = -2*b, t*f + 95 = 2*b. What is the highest common divisor of o and b?
11
Suppose 0*p + 5*p - 195 = 0. Let j be 15/((-9)/12 - 0). Let i = j - -33. What is the greatest common factor of i and p?
13
Let z be (0 - -2) + -2 + 26. Suppose 2*c + u - 203 = 0, -43 = 5*c + u - 558. Calculate the greatest common divisor of z and c.
26
Suppose s - 43 = -2*s + 4*y, -s + 21 = 2*y. Calculate the greatest common factor of s and 187.
17
Let q = -31 - -56. Suppose 0 = 4*t - 15 - q. Calculate the highest common divisor of 1 and t.
1
Suppose 123 = -2*u + 5*u. Suppose 2*c - u = -3*w - 7, 0 = 4*w - 8. What is the greatest common factor of c and 42?
14
Let n be 6 + -4 - (-1 + 3). Suppose n = -5*i + 35 + 20. What is the greatest common factor of 55 and i?
11
Let t(y) = y**3 - 2*y**2 - 4*y - 4. Let k be t(4). Let d = k - 0. What is the greatest common factor of 108 and d?
12
Let m be 0 - 2 - (-2 - -1). Let i = m - -7. Calculate the greatest common factor of 1 and i.
1
Let l = -18 + 41. Calculate the greatest common factor of 161 and l.
23
Suppose 3*n - n - 896 = 0. Suppose 3*y + y = n. Let p be (-2)/4 - 66/(-4). Calculate the highest common factor of p and y.
16
Let w(c) = -c - 5. Let m be w(-11). Suppose 35 = 5*d - 0*d - 5*s, d - 1 = -5*s. Calculate the greatest common factor of m and d.
6
Suppose x + 3 = 0, 5*x + 19 = 5*a - 21. Suppose a*n + 28 = 298. What is the highest common divisor of 6 and n?
6
Let s = 216 - 150. Suppose 0*k + 30 = 5*k. What is the highest common factor of s and k?
6
Let d(a) = -5*a + 3. Let c be d(-15). Calculate the greatest common divisor of c and 117.
39
Let o be ((-1)/(-2))/((-2)/(-24)). Suppose -6*s + 80 = -4*s - 4*x, 2*s = 5*x + 82. What is the greatest common factor of s and o?
6
Suppose 4*d + 42 = 2*h, -4*d - 64 = -3*h - h. Calculate the highest common factor of 55 and h.
11
Let b(d) = d**3 - 13*d**2 + d - 12. Let p be b(14). Calculate the greatest common factor of p and 22.
22
Let q be ((-98)/(-35))/(2/5). Suppose -3*m = -3 - 144. Calculate the highest common factor of q and m.
7
Let m(q) = -q**3 + 3*q**2 + 14*q - 15. Let b be m(5). What is the greatest common factor of b and 5?
5
Suppose 0 = -6*j + 51 - 15. What is the greatest common factor of 66 and j?
6
Suppose 4*k - 202 = -2*o, -k = -5*o - 5*k + 487. Let h = o + -51. What is the greatest common divisor of h and 11?
11
Suppose -70 = -3*p - 2*p. What is the highest common factor of 28 and p?
14
Suppose -z + 10 = 1. Let w = 0 - 7. Let r = 43 + w. What is the greatest common divisor of z and r?
9
Suppose -4 + 10 = 3*b. Suppose 4*m + h - b*h = 12, 5*m - 15 = h. Suppose -c - 12 = -2*c. What is the highest common factor of m and c?
3
Let h = 13 + -9. Suppose 2*g - 14 = -x, 0 = -2*g + g + 3*x. Let l = 6 + g. Calculate the highest common divisor of h and l.
4
Let i = 138 - 98. Suppose 5*v = 2*v + 6. Suppose v*h = 1 + 15. What is the greatest common divisor of h and i?
8
Suppose 84 = 1225*f - 1218*f. Suppose 4*v - 273 = 255. Calculate the highest common factor of f and v.
12
Suppose 2*p + 4 = 12. Suppose -5*x = l - 50, 4*x - p*l - 59 = -l. What is the highest common divisor of x and 33?
11
Let s = 34 + -23. Let f = s + 1. Let n(b) = b**2 + 7*b + 16. Let u be n(-8). Calculate the greatest common divisor of u and f.
12
Suppose 0 = 8*m - 3*m - 5. What is the highest common divisor of m and 17?
1
Suppose 4*s + 25 = 5*b, -5*b + 17 + 43 = 3*s. Let l be (-1 + 4)/(b/210). Calculate the highest common factor of l and 28.
14
Suppose 4*f - 3*f + 3 = 0. Let r = f + 15. Calculate the highest common factor of r and 48.
12
Suppose -4*o = -2*o + 4. Let q be o/3 + (-22)/(-6). What is the highest common factor of 21 and q?
3
Let m(n) = n**3 - 11*n**2 - 20*n + 7. Let f be m(14). Suppose 5*j = -3*a + 9 + 111, 0 = a - j - 32. What is the greatest common divisor of a and f?
35
Suppose -6*z = -z - 20. Suppose 2*j = 6 - z. Calculate the greatest common divisor of j and 7.
1
Let w be (-1)/((-5)/2 + 2). Let z = 3 - w. Let l(u) = 14*u**3 + u**2. Let n be l(z). What is the highest common divisor of 15 and n?
15
Let t = 4 + -3. Let k be 1 + 1 + 2*t. Calculate the highest common divisor of k and 28.
4
Let d = 95 + 18. Suppose -4*y + 367 = -d. What is the greatest common divisor of y and 15?
15
Let l = 13 - 10. Suppose a - l*a + 2 = 0. Calculate the highest common factor of a and 3.
1
Suppose p + 3*h - 103 = 71, 4*p - 4*h - 776 = 0. What is the highest common divisor of p and 27?
27
Suppose -4*m = -6*m + 66. Suppose j - 16 = -3*k + k, -3*j - 3*k + m = 0. Suppose t + 0 = j. Calculate the highest common divisor of 54 and t.
6
Let d = -56 - -61. What is the greatest common factor of d and 15?
5
Suppose 4*h - 2*h - 90 = 0. Suppose 0 = w - 17 + 2. Let a be (w/(-6))/(1/(-2)). Calculate the greatest common divisor of h and a.
5
Suppose 2*a = a + 103. Suppose -2*h + 276 = -6*h. Let w = a + h. Calculate the greatest common divisor of 51 and w.
17
Let h be 6/(-15) - 681/(-15). Calculate the highest common divisor of 18 and h.
9
Let p be (-418)/(-19)*30/4. What is the highest common divisor of 15 and p?
15
Let y be 3 - 0/(2*-1). Let m be ((-9)/(-6))/((-2)/(-4)). Suppose 4*j - 3*g = 105, -2*j - m*g + 105 = j. Calculate the highest common factor of y and j.
3
Suppose 2*k - 3*k + 5 = 0. Calculate the highest common divisor of k and 20.
5
Let n = 4 - -5. Suppose 5*s - 215 = -0*s + 5*f, 0 = 4*f - 8. What is the highest common divisor of s and n?
9
Suppose 404 - 96 = 4*i. What is the highest common factor of 7 and i?
7
Let b(q) be the first derivative of q**3/3 - 2*q**2 + 4*q + 2. Let h be b(7). Suppose 0 = -14*g + 9*g + 625. Calculate the highest common factor of g and h.
25
Let r = -20 + 52. Let m be 420/110 - (-4)/22. Calculate the highest common factor of r and m.
4
Supp